at is the tens digit of i(9)?
1
Let n(j) = 5*j**2 + j + 1. Let o be n(-1). Suppose o*x - 124 = 4*x. Suppose c - x = -3*c. What is the units digit of c?
1
Suppose -7*i + 1050 = -2*i. Let p be (i/(-3))/2 + 2. What is the units digit of (-18)/(-22) + (-6)/p?
1
Suppose -7*k - 1164 = 1216. What is the tens digit of 24/16*k/(-6) - 3?
8
Let s be -49*(1 + (3 - 5)). Let o be (-2)/7 - (-161)/s. What is the tens digit of 28/35*240/o?
6
Suppose -6 = -14*i + 36. Suppose -i*o - 140 = -869. What is the hundreds digit of o?
2
Let w be (-21)/49 + (-48)/(-14). Let h be 2/(-10) - (-164)/20. Suppose -181 = -5*y + w*j, 4*y - h*y - 5*j + 130 = 0. What is the tens digit of y?
3
Let n be 2 + 1 - (5 + -4). Let g(a) = 14 - 2 + n*a - 3*a + 3. What is the units digit of g(0)?
5
Suppose 6*y + 710 = 164. Let x be 20*(2 + (-24)/(-5)). Let s = y + x. What is the tens digit of s?
4
Let v = 10578 - 15672. What is the units digit of v/(-42) - (-2)/(-7)?
1
Let p(t) = -2*t + 6. Suppose -z + 0*z = -12. Let x = z - 17. What is the tens digit of p(x)?
1
Suppose 0 = -30*h + 1781 + 859. What is the tens digit of h?
8
Suppose 6*v = -5*v + 7711. Suppose -3*k + c + 621 = 202, 5*k - v = -c. What is the tens digit of k?
4
Let l(x) = 21*x**2 - 2*x + 4. Let z be l(-5). Suppose 5*b = -69 + z. What is the tens digit of b?
9
Let t(a) = -13*a - 20. Let o be t(-9). Let d = o + -46. What is the units digit of d?
1
Suppose -4 = 2*w - 0. Let q = 5 + w. Let x(l) = 4*l**2 - 2*l + 1. What is the tens digit of x(q)?
3
Suppose 2*f + 5*u = 0, 0*u = -3*f - 5*u + 5. Suppose -4*i = -8*i, 460 = f*k - 5*i. What is the units digit of k?
2
Let r = 31 + 1. Let c = 82 - r. What is the tens digit of c?
5
Suppose -4*r - 5*z = -1710, 3*z - 424 = -6*r + 5*r. Let f = r - 282. What is the tens digit of f?
4
Suppose 4*f - 4*v = 750 + 1434, -2*f + 1064 = 5*v. What is the units digit of f?
2
Suppose 0 = 3*k - 4*k - 72. Let m = -30 - k. What is the tens digit of m?
4
Let i be (-3)/((-128)/124 - -1). Suppose -3*d + 3*y - 5*y = -129, -y - i = -2*d. What is the units digit of d?
5
Suppose 2*u + 0*r = 3*r + 682, 2*u + 4*r - 682 = 0. What is the units digit of u?
1
Suppose 4*i - 761 - 103 = 0. What is the hundreds digit of i?
2
Let b be ((-82)/4)/(-5 + (-895)/(-180)). Suppose 0 = 4*l + 2*f - b, 0 = 3*l + 15*f - 10*f - 571. What is the tens digit of l?
8
Suppose -3*b - 4*b + 14 = 0. Suppose b*v + 17 - 89 = 0. What is the units digit of v?
6
Let p be 3/((-18)/(-28)) - 320/480. Suppose -3*s + 6 = 2*g + g, -10 = -4*g - 5*s. Suppose p*j = 2*j - y + 95, g = 2*j - y - 85. What is the tens digit of j?
4
Let u(z) = -772*z. Let k be u(1). What is the units digit of ((-2)/4)/((4 + -2)/k)?
3
Let j(l) = -42 + 41 - 5*l + 3*l**2 - l**2. Let k be j(8). Suppose -q + 5*m = -0*m - 59, -k = -3*q - 3*m. What is the units digit of q?
4
Suppose -444*y + 465*y - 504 = 0. Let k be (3/(-6))/(1/(-6)). Suppose -y = -v - k*g, -3*v + v + 5*g = 7. What is the units digit of v?
9
Let o = 6188 - 2883. What is the units digit of o?
5
Suppose 0*k = -k - 38. Let y = -23 - k. What is the units digit of (-2)/(-5) - (-264)/y?
8
What is the tens digit of (-98)/(1 - ((-18)/21 + 2))?
8
Suppose 6 = -r - 0*o - 3*o, -4*o - 41 = 5*r. Let q(b) = -b**3 - 7*b**2 + 15*b + 2. What is the units digit of q(r)?
9
Suppose -5*c - p + 24 = 0, 3*c - 7*c = 4*p - 32. Suppose 0 = -3*n + 3*q + 12, -2*q + 15 = c*n - 13. What is the units digit of (-4)/n*(-53 + 17)?
4
Suppose -s + 487 = 2*t, 7*s - 974 = 5*s - 3*t. What is the tens digit of s?
8
Let d = -1401 + 2946. What is the thousands digit of d?
1
Let u(b) = 46*b**3 + 14*b**2 - 20*b + 40. What is the units digit of u(4)?
8
Let a = -701 + 1031. What is the hundreds digit of a?
3
Let f(j) = -1705*j + 405. What is the hundreds digit of f(-2)?
8
Let p(r) = -2*r - 14. Let v be p(-7). Suppose 2*z - 6*z - 16 = 0, -4*n + 2*z + 396 = v. What is the tens digit of n?
9
Suppose 2*w - 23 = -g, w - g - 3 - 4 = 0. Suppose w*h - 57 = 503. What is the units digit of h?
6
Let k be (1*6)/(16 - 14). Suppose -15 = k*l - 222. What is the units digit of l?
9
Suppose -b = -4*j + 20, -3*b - 2*j + 16 = -4*b. Let o(z) = 2*z**2 + 19*z + 16. Let n be o(b). Let u = n - 14. What is the units digit of u?
2
Suppose 1156*d - 2772 = 1150*d. What is the hundreds digit of d?
4
Let n be 15/4 - 6/(-24). Suppose -6 = 3*c, -n*r - 3*c = -2*c + 74. Let z = r + 32. What is the units digit of z?
4
Let o = 35 + -50. Let t be 20/o + (-40)/(-3). What is the units digit of (-2 - -6)*159/t?
3
Let t = -11 - -45. Suppose -5*s + n = -t, -4*s + 0*s + 32 = -2*n. What is the units digit of ((-15)/(-10))/(s/160)?
0
Let z(d) = d**3 + 16*d**2 + d + 41. What is the tens digit of z(-16)?
2
Suppose 4*x - 18 - 82 = 0. Let t = x - 7. Let v = 32 - t. What is the units digit of v?
4
Suppose -5*b + 2*b = -4*f + 3, 0 = -4*b + 4*f - 4. Let k be (b - 6/3) + 0. What is the units digit of 12 + ((-3)/3 - k)?
4
What is the units digit of 354/826 - (5020/(-14) + 1)?
8
Suppose 4*y = 2*i + i - 403, -i + y + 135 = 0. What is the units digit of i?
7
Let u(h) = 13*h**2 - 12*h - 101. What is the units digit of u(-9)?
0
Let o(d) = -33*d**3 + 4*d**2 - 3*d + 3. What is the units digit of o(-3)?
9
Let a = 3020 + -1643. What is the thousands digit of a?
1
Suppose 5*x = -0*y - y + 38, -3*y - 6 = 0. What is the units digit of ((-156)/(-16) + 1)*x?
6
Let i be (-206 + -2)/1 - 4. Let g = -145 - i. What is the tens digit of g?
6
Let d be (-2 - 1)*12/(-18). Suppose -d*g - 7 = -17. Suppose -2*j + m = -72, 0 = -g*j - m + 187 + 7. What is the units digit of j?
8
What is the thousands digit of ((-28)/(-84))/(3*(-1)/(-22959))?
2
Let w = -21 + 18. What is the tens digit of (-1*4/w)/(4/78)?
2
Suppose -n + 3*n + w = 11, -2*w - 14 = -5*n. Suppose 2*m + 5*g = 8, g + 68 = n*m - 2*g. What is the tens digit of m?
1
Suppose -2*q + 3*d + 177 = 3*q, 4*q - 148 = -4*d. What is the tens digit of q?
3
Let g(r) be the first derivative of r**3/3 - 5*r**2/2 - 6*r + 1. Let z = -7 - -14. What is the units digit of g(z)?
8
Suppose -10*c + 12 = -7*c. Suppose c*t + t - 219 = -2*m, -37 = -t + 3*m. What is the tens digit of t?
4
Let l(w) = -5*w**2 + 7. Let v(c) = c**2 - 2. Let a = 13 - 22. Let n(x) = a*v(x) - 2*l(x). What is the tens digit of n(-4)?
2
What is the tens digit of (10 - 2)/((28/(-7))/(-464))?
2
Suppose 0 = 5*x - 2*i - 9, -9 = -2*x + x - 2*i. Let q(h) = 57 + 35*h**x - 2*h**2 + 0*h - 55 - h. What is the units digit of q(1)?
4
Let j = 167 - -68. Let o = -67 + 67. Suppose 4*y - j + 55 = o. What is the units digit of y?
5
Suppose -25*f + 29*f = 0. Suppose 31*m - 26*m - 930 = f. What is the units digit of m?
6
Suppose -201 - 39 = 5*m. Let z = -19 - m. What is the tens digit of z?
2
Let l be 18 + 2/((-8)/12). What is the units digit of 136 - l/(-5) - 5?
4
Let k(w) = -w**2 - 9*w + 9. Let f be k(-10). Let c = f + 5. Suppose 5*v - 16 = 4*t + 6, v + 2*t + c = 0. What is the units digit of v?
2
Suppose 0 = -5*w + 25, -4*w = 2*f - f - 19. Suppose -4*l - i + 2*i = 28, 3*l + 21 = 5*i. What is the tens digit of (108/42)/(f/l)?
1
Let t = 32 - 27. Let f = t + 17. What is the tens digit of f?
2
Let u(h) = 12 + 8*h**2 - 4*h - 11*h + 4*h + 2 + h**3. What is the tens digit of u(-9)?
3
Let j(y) = -y**2 + 8*y - 3. Let q be j(7). Suppose 5*s + 3*v - 939 = -223, q*s - 4*v = 560. What is the units digit of s?
2
Suppose -28*n + 8150 = -58462. What is the thousands digit of n?
2
Let g = -34 + 67. Let j = -571 + 596. Let d = j + g. What is the tens digit of d?
5
Let t = -170 + 172. Let r(k) = 111*k - 6. What is the units digit of r(t)?
6
Let y be 3*(-69)/(-27)*-3*2. Let n = y - -104. What is the units digit of n?
8
Let f = -614 + 862. What is the tens digit of f?
4
Suppose 5*j - 2*s - 45 = -3, -4*s = -2*j + 20. Let w(d) = -d**2 + 10*d + 4. What is the tens digit of w(j)?
2
Let r(f) = f**2 - f + 1. Let j = 16 + -20. Let b be r(j). What is the tens digit of 2*(-7)/(b/(-72))?
4
Suppose 3*m - 23 = -4*p, 5*m + 3*p - 29 = p. Suppose 2*x + 5 = m*x - a, 0 = -4*x + 4*a + 20. Suppose x = -3*d + d + 54. What is the units digit of d?
7
Let k(g) = g**3 + 6*g**2 - 10*g - 3. Let j be k(-7). Let b be j/3 - (2 + 1). Suppose -b*w + 3 = -3*n, 1 = -2*n - w + 11. What is the units digit of n?
3
Let i be -1*(-3 - -3) - -5. Suppose -5 = 4*x - i*x. What is the units digit of x?
5
Let t(v) = -3